{"id":9,"date":"2022-04-12T14:00:17","date_gmt":"2022-04-12T12:00:17","guid":{"rendered":"http:\/\/spiralefcc.fr\/?page_id=9"},"modified":"2025-06-07T15:55:53","modified_gmt":"2025-06-07T13:55:53","slug":"bienvenue-chez-spirale-fcc","status":"publish","type":"page","link":"https:\/\/spiralefcc.fr\/","title":{"rendered":"Accueil"},"content":{"rendered":"\n<h1 class=\"wp-block-heading\" style=\"font-size:30px\"><strong>Bienvenue chez Spirale FCC (Formation Conseil Coaching)<\/strong><\/h1>\n\n\n\n<p class=\"has-text-align-right\" style=\"font-size:12px\"><\/p>\n\n\n\n<figure class=\"wp-block-image size-full is-resized\"><a href=\"http:\/\/spiralefcc.fr\/?page_id=169\"><img loading=\"lazy\" decoding=\"async\" width=\"612\" height=\"408\" src=\"http:\/\/spiralefcc.fr\/wp-content\/uploads\/2022\/06\/formation01-1.jpg\" alt=\"\" class=\"wp-image-301\" style=\"width:321px;height:auto\" srcset=\"https:\/\/spiralefcc.fr\/wp-content\/uploads\/2022\/06\/formation01-1.jpg 612w, https:\/\/spiralefcc.fr\/wp-content\/uploads\/2022\/06\/formation01-1-300x200.jpg 300w\" sizes=\"auto, (max-width: 612px) 100vw, 612px\" \/><\/a><\/figure>\n\n\n\n<p class=\"has-medium-font-size\">Vous pouvez naviguer \u00e0 votre rythme sur notre site et d\u00e9couvrir <a href=\"http:\/\/spiralefcc.fr\/?page_id=169\" data-type=\"URL\" data-id=\"http:\/\/spiralefcc.fr\/?page_id=169\" target=\"_blank\" rel=\"noreferrer noopener\">notre offre de formation<\/a>, avec notamment : <\/p>\n\n\n\n<ul class=\"wp-block-list\">\n<li><a rel=\"noreferrer noopener\" href=\"http:\/\/spiralefcc.fr\/?page_id=207\" data-type=\"URL\" data-id=\"http:\/\/spiralefcc.fr\/?page_id=207\" target=\"_blank\">NOS FORMATIONS POUR MIEUX COMMUNIQUER ;<\/a><\/li>\n\n\n\n<li><a href=\"http:\/\/spiralefcc.fr\/?page_id=216\" data-type=\"URL\" data-id=\"http:\/\/spiralefcc.fr\/?page_id=216\" target=\"_blank\" rel=\"noreferrer noopener\">NOS FORMATIONS AUX \u00ab&nbsp;SOFT SKILLS&nbsp;\u00bb (Comp\u00e9tences comportementales)<\/a><\/li>\n\n\n\n<li><a href=\"http:\/\/spiralefcc.fr\/?page_id=293\" data-type=\"URL\" data-id=\"http:\/\/spiralefcc.fr\/?page_id=293\" target=\"_blank\" rel=\"noreferrer noopener\">NOS FORMATIONS POUR LES FORMATEURS<\/a><\/li>\n<\/ul>\n\n\n\n<hr class=\"wp-block-separator has-alpha-channel-opacity\"\/>\n\n\n\n<p><\/p>\n\n\n\n<figure class=\"wp-block-image size-full is-resized\"><a href=\"http:\/\/spiralefcc.fr\/?page_id=275\"><img loading=\"lazy\" decoding=\"async\" width=\"612\" height=\"408\" src=\"http:\/\/spiralefcc.fr\/wp-content\/uploads\/2022\/06\/conseil02.jpg\" alt=\"\" class=\"wp-image-303\" style=\"width:309px;height:auto\" srcset=\"https:\/\/spiralefcc.fr\/wp-content\/uploads\/2022\/06\/conseil02.jpg 612w, https:\/\/spiralefcc.fr\/wp-content\/uploads\/2022\/06\/conseil02-300x200.jpg 300w\" sizes=\"auto, (max-width: 612px) 100vw, 612px\" \/><\/a><\/figure>\n\n\n\n<p class=\"has-medium-font-size\">Si toutefois, vous ne trouviez pas ce qui vous convient, vous pourriez alors \u00eatre int\u00e9ress\u00e9 par notre <a href=\"http:\/\/spiralefcc.fr\/?page_id=275\" data-type=\"URL\" data-id=\"http:\/\/spiralefcc.fr\/?page_id=275\" target=\"_blank\" rel=\"noreferrer noopener\">offre de <strong>conseil en ing\u00e9nierie de formation<\/strong>.<\/a><\/p>\n\n\n\n<figure class=\"wp-block-image size-full is-resized\"><img loading=\"lazy\" decoding=\"async\" width=\"612\" height=\"490\" src=\"http:\/\/spiralefcc.fr\/wp-content\/uploads\/2024\/02\/coaching.jpg\" alt=\"\" class=\"wp-image-854\" style=\"width:344px;height:auto\" srcset=\"https:\/\/spiralefcc.fr\/wp-content\/uploads\/2024\/02\/coaching.jpg 612w, https:\/\/spiralefcc.fr\/wp-content\/uploads\/2024\/02\/coaching-300x240.jpg 300w\" sizes=\"auto, (max-width: 612px) 100vw, 612px\" \/><\/figure>\n\n\n\n<p class=\"has-medium-font-size\">Nous proposons aussi du <strong><a href=\"http:\/\/spiralefcc.fr\/wp-admin\/post.php?post=855&amp;action=edit\">Coaching<\/a> <\/strong>et du <a href=\"http:\/\/spiralefcc.fr\/?page_id=317\"><strong>Coaching Scolaire<\/strong><\/a>.<\/p>\n\n\n\n<p><\/p>\n\n\n\n<p class=\"has-medium-font-size\"><strong>La solution qui vous correspond existe : trouvons-l\u00e0 ensemble !<\/strong><\/p>\n\n\n\n<hr class=\"wp-block-separator has-alpha-channel-opacity\"\/>\n\n\n\n<p><\/p>\n\n\n\n<p><\/p>\n\n\n\n<figure class=\"wp-block-image size-full is-resized\"><a href=\"http:\/\/spiralefcc.fr\/?page_id=103\"><img loading=\"lazy\" decoding=\"async\" width=\"640\" height=\"423\" src=\"http:\/\/spiralefcc.fr\/wp-content\/uploads\/2022\/06\/contact-us-g670c3ecd1_640.jpg\" alt=\"\" class=\"wp-image-113\" style=\"width:315px;height:auto\" srcset=\"https:\/\/spiralefcc.fr\/wp-content\/uploads\/2022\/06\/contact-us-g670c3ecd1_640.jpg 640w, https:\/\/spiralefcc.fr\/wp-content\/uploads\/2022\/06\/contact-us-g670c3ecd1_640-300x198.jpg 300w\" sizes=\"auto, (max-width: 640px) 100vw, 640px\" \/><\/a><\/figure>\n\n\n\n<p class=\"has-medium-font-size\">Si vous avez des questions ou que vous souhaitez demander un rendez-vous, vous pouvez utiliser le <a href=\"http:\/\/spiralefcc.fr\/?page_id=103\" data-type=\"URL\" data-id=\"http:\/\/spiralefcc.fr\/?page_id=103\" target=\"_blank\" rel=\"noreferrer noopener\">formulaire de contact <\/a>disponible sur le site.<br><br><\/p>\n\n\n\n<p class=\"has-medium-font-size\">\u00c0 tr\u00e8s bient\u00f4t, <\/p>\n\n\n\n<p class=\"has-medium-font-size\">L&#8217;\u00e9quipe de Spirale FCC.<\/p>\n\n\n\n<figure class=\"wp-block-image size-full is-resized\"><img loading=\"lazy\" decoding=\"async\" width=\"500\" height=\"500\" src=\"http:\/\/spiralefcc.fr\/wp-content\/uploads\/2022\/06\/SPIRALE-logo-02.png\" alt=\"\" class=\"wp-image-83\" style=\"width:292px;height:auto\" srcset=\"https:\/\/spiralefcc.fr\/wp-content\/uploads\/2022\/06\/SPIRALE-logo-02.png 500w, https:\/\/spiralefcc.fr\/wp-content\/uploads\/2022\/06\/SPIRALE-logo-02-300x300.png 300w, https:\/\/spiralefcc.fr\/wp-content\/uploads\/2022\/06\/SPIRALE-logo-02-150x150.png 150w, https:\/\/spiralefcc.fr\/wp-content\/uploads\/2022\/06\/SPIRALE-logo-02-100x100.png 100w\" sizes=\"auto, (max-width: 500px) 100vw, 500px\" \/><\/figure>\n\n\n\n<p>Suivez-nous sur <a href=\"https:\/\/www.linkedin.com\/company\/spirale-formation-conseil-coaching?trk=public_post_reshare_feed-actor-name\" data-type=\"link\" data-id=\"https:\/\/www.linkedin.com\/company\/spirale-formation-conseil-coaching?trk=public_post_reshare_feed-actor-name\">Linkedin<\/a><\/p>\n\n\n\n<p><\/p>\n\n\n\n<p class=\"has-text-align-right has-small-font-size\">(<em>Mise \u00e0 jour du site : 07\/06\/2025<\/em>)<\/p>\n","protected":false},"excerpt":{"rendered":"<p>Bienvenue chez Spirale FCC (Formation Conseil Coaching) Vous pouvez naviguer \u00e0 votre rythme sur notre site et d\u00e9couvrir notre offre de formation, avec notamment : Si toutefois, vous ne trouviez pas ce qui vous convient, vous pourriez alors \u00eatre int\u00e9ress\u00e9 par notre offre de conseil en ing\u00e9nierie de formation. Nous proposons aussi du Coaching et du Coaching Scolaire. La solution qui vous correspond existe : trouvons-l\u00e0 ensemble ! Si vous avez des questions ou que vous souhaitez demander un rendez-vous, vous pouvez utiliser le formulaire de contact disponible sur le site. \u00c0 tr\u00e8s bient\u00f4t, L&#8217;\u00e9quipe de Spirale FCC. Suivez-nous sur Linkedin (Mise \u00e0 jour du site : 07\/06\/2025)<\/p>\n","protected":false},"author":1,"featured_media":0,"parent":0,"menu_order":0,"comment_status":"closed","ping_status":"closed","template":"","meta":{"footnotes":""},"class_list":["post-9","page","type-page","status-publish","hentry"],"_links":{"self":[{"href":"https:\/\/spiralefcc.fr\/index.php?rest_route=\/wp\/v2\/pages\/9","targetHints":{"allow":["GET"]}}],"collection":[{"href":"https:\/\/spiralefcc.fr\/index.php?rest_route=\/wp\/v2\/pages"}],"about":[{"href":"https:\/\/spiralefcc.fr\/index.php?rest_route=\/wp\/v2\/types\/page"}],"author":[{"embeddable":true,"href":"https:\/\/spiralefcc.fr\/index.php?rest_route=\/wp\/v2\/users\/1"}],"replies":[{"embeddable":true,"href":"https:\/\/spiralefcc.fr\/index.php?rest_route=%2Fwp%2Fv2%2Fcomments&post=9"}],"version-history":[{"count":84,"href":"https:\/\/spiralefcc.fr\/index.php?rest_route=\/wp\/v2\/pages\/9\/revisions"}],"predecessor-version":[{"id":1225,"href":"https:\/\/spiralefcc.fr\/index.php?rest_route=\/wp\/v2\/pages\/9\/revisions\/1225"}],"wp:attachment":[{"href":"https:\/\/spiralefcc.fr\/index.php?rest_route=%2Fwp%2Fv2%2Fmedia&parent=9"}],"curies":[{"name":"wp","href":"https:\/\/api.w.org\/{rel}","templated":true}]}}