{"id":93,"date":"2022-06-25T16:26:14","date_gmt":"2022-06-25T14:26:14","guid":{"rendered":"http:\/\/spiralefcc.fr\/?page_id=93"},"modified":"2025-03-22T18:21:02","modified_gmt":"2025-03-22T17:21:02","slug":"mentions-legales","status":"publish","type":"page","link":"https:\/\/spiralefcc.fr\/?page_id=93","title":{"rendered":"MENTIONS L\u00c9GALES"},"content":{"rendered":"\n<p><a href=\"https:\/\/spiralefcc.fr\/?page_id=71\" data-type=\"page\" data-id=\"71\">INFORMATIONS L\u00c9GALES<\/a><\/p>\n\n\n\n<p><a href=\"https:\/\/spiralefcc.fr\/?page_id=99\" data-type=\"page\" data-id=\"99\">MENTIONS G\u00c9N\u00c9RALES SUR LA PROTECTION DES DONN\u00c9ES<\/a><\/p>\n\n\n\n<p><a href=\"https:\/\/spiralefcc.fr\/?page_id=86\" data-type=\"page\" data-id=\"86\">MENTIONS L\u00c9GALES PARTICULI\u00c8RES CONCERNANT LES DONN\u00c9ES PERSONNELLES<\/a><\/p>\n\n\n\n<p><\/p>\n","protected":false},"excerpt":{"rendered":"<p>INFORMATIONS L\u00c9GALES MENTIONS G\u00c9N\u00c9RALES SUR LA PROTECTION DES DONN\u00c9ES MENTIONS L\u00c9GALES PARTICULI\u00c8RES CONCERNANT LES DONN\u00c9ES PERSONNELLES<\/p>\n","protected":false},"author":1,"featured_media":94,"parent":0,"menu_order":0,"comment_status":"closed","ping_status":"closed","template":"","meta":{"footnotes":""},"class_list":["post-93","page","type-page","status-publish","has-post-thumbnail","hentry"],"_links":{"self":[{"href":"https:\/\/spiralefcc.fr\/index.php?rest_route=\/wp\/v2\/pages\/93","targetHints":{"allow":["GET"]}}],"collection":[{"href":"https:\/\/spiralefcc.fr\/index.php?rest_route=\/wp\/v2\/pages"}],"about":[{"href":"https:\/\/spiralefcc.fr\/index.php?rest_route=\/wp\/v2\/types\/page"}],"author":[{"embeddable":true,"href":"https:\/\/spiralefcc.fr\/index.php?rest_route=\/wp\/v2\/users\/1"}],"replies":[{"embeddable":true,"href":"https:\/\/spiralefcc.fr\/index.php?rest_route=%2Fwp%2Fv2%2Fcomments&post=93"}],"version-history":[{"count":3,"href":"https:\/\/spiralefcc.fr\/index.php?rest_route=\/wp\/v2\/pages\/93\/revisions"}],"predecessor-version":[{"id":1085,"href":"https:\/\/spiralefcc.fr\/index.php?rest_route=\/wp\/v2\/pages\/93\/revisions\/1085"}],"wp:featuredmedia":[{"embeddable":true,"href":"https:\/\/spiralefcc.fr\/index.php?rest_route=\/wp\/v2\/media\/94"}],"wp:attachment":[{"href":"https:\/\/spiralefcc.fr\/index.php?rest_route=%2Fwp%2Fv2%2Fmedia&parent=93"}],"curies":[{"name":"wp","href":"https:\/\/api.w.org\/{rel}","templated":true}]}}

MENTIONS LÉGALES

<p><a href="https://spiralefcc.fr/?page_id=71" data-type="page" data-id="71">INFORMATIONS LÉGALES</a></p>



<p><a href="https://spiralefcc.fr/?page_id=99" data-type="page" data-id="99">MENTIONS GÉNÉRALES SUR LA PROTECTION DES DONNÉES</a></p>



<p><a href="https://spiralefcc.fr/?page_id=86" data-type="page" data-id="86">MENTIONS LÉGALES PARTICULIÈRES CONCERNANT LES DONNÉES PERSONNELLES</a></p>



<p></p>

<p>INFORMATIONS LÉGALES MENTIONS GÉNÉRALES SUR LA PROTECTION DES DONNÉES MENTIONS LÉGALES PARTICULIÈRES CONCERNANT LES DONNÉES PERSONNELLES</p>
